4 + 20/8). What is i(w)?
-4
Let j = -7 + 12. Let x(f) = -13*f**3 + 7*f**2 + 21*f + 5. Let r(k) = 3*k**3 - 2*k**2 - 5*k - 1. Let h(z) = -9*r(z) - 2*x(z). What is h(j)?
-11
Let n(g) = g**3 + g**2 + g - 3. Let c = -11 - -14. Suppose -5*h = -2*x + 4, 0 = -5*h + c*x - 6. What is n(h)?
-3
Suppose -5*w + 7*r + 14 = 3*r, -5 = -5*w - 5*r. Let g = 2 - w. Let a(n) = -3*n - 7. Let h(k) = -k - 4. Let y(m) = 2*a(m) - 5*h(m). Give y(g).
6
Let p(r) be the first derivative of r**3/6 + 2*r**2 + r - 1. Let a(m) be the first derivative of p(m). Determine a(-5).
-1
Let y be ((-12)/7)/((-20)/70). Let j(l) = -l**2 + 10*l - 1. Calculate j(y).
23
Let j = -2 + 8. Let s(y) = y**2 - 6*y + 5. What is s(j)?
5
Let x(c) be the first derivative of -c**4/12 + c**3/2 - 3*c**2/2 + 2*c + 4. Let y(j) be the first derivative of x(j). What is y(2)?
-1
Let d(v) = -16*v - 14*v + 24*v - 1. Determine d(1).
-7
Let h be (-2 - 54/(-3)) + -1. Let v be h*(28/(-20) - -1). Let a(u) = -2*u - 9. Give a(v).
3
Let n(z) = -24*z**3 - z**2 + 1. Suppose 7 = 12*s - 5. Give n(s).
-24
Let r(j) = -9*j**2 - 174*j + 174*j. Determine r(1).
-9
Let f(u) = 2*u**2 + 2*u + 1. Let g be f(-2). Let p(q) = -q + 7. Give p(g).
2
Suppose 5*p = -5*i, p + 3*i - 2 = -p. Let s(u) = 4*u**2 + 3*u + 2. Calculate s(p).
12
Let l be (6/9)/(2/6). Let a = -13 + 16. Suppose -12 = 5*h - a*h - l*i, -2*h = 2*i. Let k(v) = -v**2 - 2*v + 1. What is k(h)?
-2
Suppose -h + 5 = -0. Let x = 0 - h. Let l(t) = -t**3 - 6*t**2 - 3*t + 6. What is l(x)?
-4
Let s(i) = -i**3 + i**2 - 1. Let j = -18 + 20. Calculate s(j).
-5
Let x(y) = y**2 + 6*y + 5. Let t be x(-4). Let f be ((-1)/(2 + t))/1. Let p(d) = -3*d**2 - 3*d**2 + 2*d - d. What is p(f)?
-5
Let d = 7 - 4. Let h = 3 - d. Let o(f) = -2*f**2 + 3*f + 5. Let x(t) = -t**2 + t. Let k(q) = o(q) - 3*x(q). Determine k(h).
5
Let t(j) = 9*j**3 + 2*j - 1. Let i = -4 - 2. Suppose 0 = 5*k - 4*f + 31, 0 = -4*f - 4. Let b = i - k. What is t(b)?
10
Let k(t) = -3*t + 1. Let n be ((-8)/(-6))/(4/(-6)). Calculate k(n).
7
Let s(d) be the third derivative of -d**4/24 - d**3 - 13*d**2. What is s(-3)?
-3
Suppose t - 9 = -2*t. Let o(c) = -c**2 - c - 2*c**3 + 3*c**2 - c + t*c - 1. Suppose -2*v = 3*k - 14, 3*v = 3*k + 2*v - 2. Determine o(k).
-7
Let z(x) = 2*x**2 + 7*x + 5. Let i(t) = -t**2 - t - 1. Let g(v) = -3*i(v) - z(v). Determine g(4).
-2
Let i(h) = -2*h - 4. Let t be (-26)/(-4) + (-1)/2. Let m(a) = a + 2. Let n(v) = t*i(v) + 13*m(v). Calculate n(-6).
-4
Suppose -4*s + 18 = -2. Suppose -1 = -4*v + 3, -4*g - s*v + 149 = 0. Let z be 1/(-4) + g/16. Let c(x) = -x**3 + 3*x**2 + x. Give c(z).
6
Let q(r) = -2*r. Let y(l) = l**3 + 8*l**2 - 2. Let g be y(-8). Calculate q(g).
4
Let t(i) = -11*i + 5*i**2 + 2 - 2*i**2 + 10. Let m(n) = -n**2 + 4*n - 4. Let f(u) = 8*m(u) + 3*t(u). Let q = 0 - 0. What is f(q)?
4
Let p(i) = i**2 - 6*i - 10. Let w = 35 + -28. Calculate p(w).
-3
Suppose -5*q + 20 = -10. Let z(t) = -t**3 + 5*t**2 + 6*t - 1. Give z(q).
-1
Let f(m) = 9*m + 2 + 3*m**2 + m**3 + 5*m**2 + 8. Determine f(-7).
-4
Let k(j) = j**2 - 3*j + 4. Let w = -4 - -8. Suppose -z - 3*z + w = 0. Suppose -2*s - z = -7. Determine k(s).
4
Let i(q) be the third derivative of q**5/60 - 11*q**2. Give i(0).
0
Let r(a) be the second derivative of -a**4/12 + a**3 - 3*a**2/2 - 5*a. Give r(6).
-3
Let d(w) be the second derivative of -11*w**3/6 - w**2/2 + 2*w. Determine d(-1).
10
Let m(j) = 3*j - 2. Let h(w) = 1 - 2 - 5*w + 4*w + 2*w. Let u(z) = 8*h(z) - 3*m(z). Calculate u(-5).
3
Let s(t) be the first derivative of t**5/20 + t**4/12 - t**3/3 - t**2/2 - 7*t - 2. Let m(h) be the first derivative of s(h). Give m(-2).
-1
Let w(h) be the third derivative of h**4/6 - h**3/6 - h**2. Let y be -6*1*(-3)/6. Give w(y).
11
Let s(c) = c. Let h be s(4). Suppose z = -3*z + 8. Let l(f) = -z + f + 5 - 2*f**2 + 0*f + 4*f. Calculate l(h).
-9
Let v(b) = -b**3 - 4*b**2 + b + 1. Let d be v(-4). Let w(a) = 2*a + 5. Let h(m) = -m - 2. Let z(n) = -5*h(n) - 3*w(n). Give z(d).
-2
Let f(g) = 3*g**3 + 18*g**2 + 15*g - 11. Let r(p) = -2*p**3 - 12*p**2 - 10*p + 7. Let a(i) = 5*f(i) + 7*r(i). Give a(-5).
-6
Let n(f) = -f + 2. Let h = -4 + -3. Let v be 6/(-3)*h/14. Give n(v).
1
Let z(k) = k**3 + 5*k**2 + 4*k + 6. Let o(j) = j. Let c(r) = 2*o(r) + z(r). Give c(-4).
-2
Let x(t) = 5*t - 3. Let v be -1*(-6 + 2)*1. Let w be (-1)/v - (-36)/16. Determine x(w).
7
Let v(d) = -d**3 + 6*d**2 + 11*d - 7. Suppose -2*g = r - 18, 2*g + 3*g - 47 = -3*r. Give v(g).
21
Suppose -5*x = -1 - 9. Let w(p) = 6*p**x + 3*p - 3*p**3 - 11 + p + p. Let g(i) = -5*i**3 + 9*i**2 + 8*i - 17. Let c(k) = -5*g(k) + 8*w(k). Calculate c(-3).
-3
Let o(n) = n**2 - 7*n + 7. Let y be o(5). Let l(m) = 2*m**2 + 6*m + 5. Let x be l(y). Let v(k) = 2*k + 2. Determine v(x).
12
Let l(w) = 0*w - 1 - 3 - 2 + w. Let s(a) = -a**3 + 10*a**2 - 2*a + 24. Let b be s(10). Give l(b).
-2
Let k = -8 - -10. Let p(u) be the first derivative of -2/3*u**3 - 1 - 3/2*u**2 + k*u. What is p(-3)?
-7
Let h(k) = -k**3 + k**2 - k - 6. Let t be 3/1 + -6 + 3. Suppose 0*x + 2*x - 20 = -5*z, 3*x - 4*z + 16 = t. Calculate h(x).
-6
Let o(m) be the third derivative of m**4/6 - m**3/6 + 13*m**2. What is o(1)?
3
Suppose -2*b - 7 = -3*j, -6*j + 2*j = 5*b - 17. Let s(z) = -8*z**2 + 2*z + 3. Let h(c) = -8*c**2 + 2*c + 4. Let v(t) = 4*h(t) - 5*s(t). Calculate v(b).
7
Let b(j) = -j**2 - 5*j - 3. Let x = 20 + -9. Let z = -15 + x. Determine b(z).
1
Let w = -80 - -78. Let l(f) = -f**3 - 4*f**2 - 2*f + 2. Determine l(w).
-2
Let f(s) = 59 - 121 + 63 - 2*s. Determine f(4).
-7
Let a(c) = -4*c**2 + 7 + c**3 - 2*c - 4*c - 2. Let l be a(5). Let q(y) = -7 + l*y - 2*y - y + 2*y. Calculate q(-5).
-2
Let k(p) be the first derivative of 3*p**4/4 - p**3/3 + p**2/2 + p + 49. What is k(-1)?
-4
Let j(w) = 5*w. Let o(s) = -s**3 + 5*s**2 - 2*s - 5. Let h be o(4). Suppose x - 2 = 3*q, -h*q + q + 3 = -5*x. Determine j(q).
-5
Let j = 318 + -322. Let i(q) = 2 + 2*q - 1 + 3. Determine i(j).
-4
Let c(r) = r**2 - 5*r**3 + 1 - 2*r + 4*r**3 + 0*r**2 + 0*r**2. Suppose -5*d + 6 = 2*g - 8, -3*d - 4 = -5*g. Determine c(d).
-7
Let p = -126 + 122. Let u(b) = -b - 5*b - b + 3*b**2 - 5 + b**3. Calculate u(p).
7
Let d(a) = 2*a**3 + 2*a**2 + 4*a + 3. Suppose 5*x = -2*m - 33, -2*x + 3*x + 12 = 5*m. Let r = -9 - x. What is d(r)?
-13
Suppose 0*u = 3*u. Let b(v) = -5 - 4*v + 5*v + 12. Give b(u).
7
Suppose 0*b = 2*b. Suppose 5*h - 2*j - 16 + 40 = b, 3*j - 10 = h. Let c be (6/h)/((-18)/(-24)). Let i(a) = a**3 - 2*a**2 - 4*a - 2. Give i(c).
-10
Let r(q) = q**3 + 5*q**2 + 4*q - 3. Let p be r(-4). Let b = 2 + p. Let t(a) = a - 1. Let m(l) = 1. Let j(f) = 6*m(f) + 7*t(f). Determine j(b).
-8
Let c(r) = -14*r - 15*r + 30*r. What is c(2)?
2
Let z = -212 + 209. Let u(j) = 2*j**3 + 5*j**2 + 2*j - 1. Calculate u(z).
-16
Let d(g) = 4*g**2 - 2*g. Let m(r) = -40*r. Let a be m(-1). Let l be 16/88 + a/22. Calculate d(l).
12
Suppose 0 = 2*q, -2*q + q + 10 = 5*r. Let m be ((-10)/(-3))/(r/12). Suppose a + 4*a + m = 0. Let t(l) = l**2 + 7*l + 6. Calculate t(a).
-6
Let h(a) = -a**3 - 3*a**2 - a - 1. Let t be (1 + 0)/(2/4). Let b = -42 - -47. Let p = t - b. Calculate h(p).
2
Let u(j) be the first derivative of -j - 1/3*j**3 - 1/2*j**2 + 3. Let v be (-1)/(3*1/3). Calculate u(v).
-1
Let c = 1 + -5. Let i(a) = -a - 9. Determine i(c).
-5
Let r(q) = q**2 - 7*q - 7. Suppose 3*a = -o + 20, 0*o - 30 = -4*a + 2*o. What is r(a)?
-7
Let z(j) = 11*j + 11. Let a(q) = -24*q - 23. Let d(o) = -6*a(o) - 13*z(o). Give d(6).
1
Suppose -w + 2*z - 18 = -0*w, 0 = -z + 5. Let r(a) = a**3 + 9*a**2 + 10*a + 10. Give r(w).
-6
Let x(d) be the first derivative of -2 + d + 3*d**2 - 1/4*d**4 + 5/3*d**3. What is x(6)?
1
Let b(l) = -7*l - 4. Suppose z = 3*z + 12. Let s(a) = -7*a - 5. Let m = 12 + -7. Let h(t) = m*s(t) + z*b(t). Calculate h(1).
6
Let x(z) be the third derivative of -z**4/24 - z**3/6 + 8*z**2. Determine x(-5).
4
Suppose -5*r + 12 - 2 = -2*g, -4*r + 1 = -3*g. Let w(k) be the second derivative of k**3/3 - k**2 + 2*k. Calculate w(r).
6
Let d(j) = 3*j**3 - j**2 + 6*j - 1. Let v(r) be the first derivative of r**4/4 + r**2/2 + 2. Let c(g) = -d(g) + 5*v(g). What is c(1)?
3
Suppose 0 = -3*s - 2*s. Suppose s = -2*z, -2*z + 12 = -4*q - 3*z. Let h(k) be the second derivative of -k**4/12 - 5*k**3/6 - 3*k. Calculate h(q).
6
Let s(j) = 2*j - 5. Suppose 2*q - q